{"id":8271,"date":"2020-08-25T17:54:53","date_gmt":"2020-08-25T15:54:53","guid":{"rendered":"http:\/\/hydro-partner.pl\/?page_id=8271"},"modified":"2020-08-25T17:57:48","modified_gmt":"2020-08-25T15:57:48","slug":"scieki","status":"publish","type":"page","link":"https:\/\/hydro-partner.pl\/realizacje\/scieki\/","title":{"rendered":"\u015acieki"},"content":{"rendered":"<p>[vc_row overlay=&#8221;rd_hover_goliath&#8221; overlay_color=&#8221;&#8221; port_type=&#8221;port_type_5&#8243; port_bg_color=&#8221;&#8221; port_title_color=&#8221;&#8221; port_text_color=&#8221;&#8221; port_button_color=&#8221;&#8221; port_border_color=&#8221;&#8221; port_hover_bg_color=&#8221;&#8221; port_hover_title_color=&#8221;&#8221; port_hover_text_color=&#8221;&#8221; port_hover_button_color=&#8221;&#8221; port_hover_border_color=&#8221;&#8221; desc_title=&#8221;&#8221; desc_cat=&#8221;&#8221; overlay_color_2=&#8221;&#8221; desc_border=&#8221;&#8221; port_thumbnail=&#8221;thumbnail_type_2&#8243; port_layout=&#8221;3 columns&#8221; category=&#8221;pompy&#8221; tags=&#8221;all&#8221; port_order=&#8221;DESC&#8221; port_orderby=&#8221;date&#8221; target=&#8221;_self&#8221; port_start=&#8221;8&#8243; filter=&#8221;yes&#8221; filter_type=&#8221;filter_type_1&#8243; filter_text_color=&#8221;&#8221; filter_background_color=&#8221;&#8221; filter_border_color=&#8221;&#8221; selected_filter_bg_color=&#8221;&#8221; port_navigation=&#8221;&#8221; nav_bg=&#8221;&#8221; nav_color=&#8221;&#8221; nav_border=&#8221;&#8221; nav_hover_color=&#8221;&#8221; nav_hover_bg=&#8221;&#8221; port_click=&#8221;4&#8243; button_bg=&#8221;&#8221; button_title=&#8221;&#8221; button_border=&#8221;&#8221; button_hover_title=&#8221;&#8221; button_hover_bg=&#8221;&#8221;][vc_column][vc_custom_heading text=&#8221;REALIZACJE \u015aCIEKI&#8221; font_container=&#8221;tag:h2|font_size:30|text_align:center|color:%232c3e50|line_height:3&#8243; google_fonts=&#8221;font_family:Lato%3A100%2C100italic%2C300%2C300italic%2Cregular%2Citalic%2C700%2C700italic%2C900%2C900italic|font_style:900%20bold%20regular%3A900%3Anormal&#8221; css=&#8221;.vc_custom_1598370876099{margin-bottom: 50px !important;}&#8221; el_class=&#8221;letterspacing-3&#8243;]<script>jQuery.noConflict(); var $ = jQuery; <\/script><div id=\"randomf68t9pc6j9feqvxj2qsr_port\" class=\"portfolio\"><style type=\"text\/css\" >#randomf68t9pc6j9feqvxj2qsr_port .filter_type_1 #options .selected a,#randomf68t9pc6j9feqvxj2qsr_port .filter_type_1 #options a:hover{background:#1c83d8; border:1px solid #1c83d8; color:#fff;}#randomf68t9pc6j9feqvxj2qsr_port .filter_type_1 #options a{border:1px solid #ecf0f1}#randomf68t9pc6j9feqvxj2qsr_port .filter_type_1 #options a{background:#ffffff}#randomf68t9pc6j9feqvxj2qsr_port .filter_type_1 #options a{color:#a1b1bc}<\/style><style type=\"text\/css\" >#randomf68t9pc6j9feqvxj2qsr_port figcaption h2{color:;}#randomf68t9pc6j9feqvxj2qsr_port figcaption p{color:;}#randomf68t9pc6j9feqvxj2qsr_port .ico_link{background:!important;}<\/style><style type=\"text\/css\" >#randomf68t9pc6j9feqvxj2qsr_port .filter_img{border:1px solid #ecf0f1; border-bottom:none;}#randomf68t9pc6j9feqvxj2qsr_port .port_item_details{border:1px solid #ecf0f1; border-top:none;}#randomf68t9pc6j9feqvxj2qsr_port .port_item_details {background:#ffffff}#randomf68t9pc6j9feqvxj2qsr_port .port_item_details a h2{color:#2c3e50}#randomf68t9pc6j9feqvxj2qsr_port .port_item_details h3{color:#a1b1bc}#randomf68t9pc6j9feqvxj2qsr_port .element:hover .filter_img{border:1px solid #2c3e50; border-bottom:none;}#randomf68t9pc6j9feqvxj2qsr_port .element:hover .port_item_details{border:1px solid #2c3e50; border-top:none;}#randomf68t9pc6j9feqvxj2qsr_port .element:hover .port_item_details{background:#2c3e50}#randomf68t9pc6j9feqvxj2qsr_port .element:hover .port_item_details a h2{color:#ffffff}#randomf68t9pc6j9feqvxj2qsr_port .element:hover .port_item_details h3{color:#a1b1bc}<\/style><div class=\"portfolio_block image-grid columns3 port_type_5 rd_hover_goliath thumbnail_type_2\" id=\"list\"><div data-category=\"scieki \" class=\"scieki  element\">\r\n\t\t<div class=\"filter_img\">\r\n\t\t<div class=\"port_thumb_ctn\">\r\n\t\t<div class=\"port_overlay\"><\/div>\r\n        <a _self href=\"https:\/\/hydro-partner.pl\/projekty\/tlocznia-sciekow-nowa-sol\/\" target=\"_self\" class=\"ico_link\"><img loading=\"lazy\" decoding=\"async\" width=\"768\" height=\"768\" src=\"https:\/\/hydro-partner.pl\/wp-content\/uploads\/2020\/08\/20190906_091639x-768x768.jpg\" class=\"attachment-portfolio_squared size-portfolio_squared wp-post-image\" alt=\"\" srcset=\"https:\/\/hydro-partner.pl\/wp-content\/uploads\/2020\/08\/20190906_091639x-768x768.jpg 768w, https:\/\/hydro-partner.pl\/wp-content\/uploads\/2020\/08\/20190906_091639x-150x150.jpg 150w, https:\/\/hydro-partner.pl\/wp-content\/uploads\/2020\/08\/20190906_091639x-570x570.jpg 570w, https:\/\/hydro-partner.pl\/wp-content\/uploads\/2020\/08\/20190906_091639x-266x266.jpg 266w\" sizes=\"(max-width: 768px) 100vw, 768px\" \/>\r\n\t\t<\/a><figcaption><div>\r\n\t\t<h2>T\u0142ocznia \u015bciek\u00f3w Nowa S\u00f3l<\/h2>\r\n\t\t<p>\u015acieki <\/p>\r\n\t\t<\/div>\r\n\t\t<a href=\"https:\/\/hydro-partner.pl\/projekty\/tlocznia-sciekow-nowa-sol\/\" target=\"_self\">View more<\/a>\r\n\t\t<\/figcaption><a href=\"https:\/\/hydro-partner.pl\/wp-content\/uploads\/2020\/08\/20190906_091639x.jpg\" class=\"prettyPhoto port_img_link\"><span class='img_link'><\/span><\/a><a href='https:\/\/hydro-partner.pl\/projekty\/tlocznia-sciekow-nowa-sol\/' target='_self' class='port_post_link'><span class='post_link'><h2 class='fw_port_link'>T\u0142ocznia \u015bciek\u00f3w Nowa S\u00f3l<\/h2><h3 class='fw_port_tag'>\u015acieki <\/h3><\/span><\/a><div class=\"portfolio_desc\">\r\n\t\t<h2><a href=\"https:\/\/hydro-partner.pl\/projekty\/tlocznia-sciekow-nowa-sol\/\" target=\"_self\">T\u0142ocznia \u015bciek\u00f3w Nowa S\u00f3l<\/a><\/h2>\r\n\t\t<h3>\u015acieki <\/h3>\r\n        <\/div>\r\n\t\t<\/div><!-- port_thumb_ctn END -->\r\n\t\t<\/div><!-- Filter img END -->\r\n\t\t<div class=\"port_item_details\"><a href=\"https:\/\/hydro-partner.pl\/projekty\/tlocznia-sciekow-nowa-sol\/\" target=\"_self\"><h2>T\u0142ocznia \u015bciek\u00f3w Nowa S\u00f3l<\/h2><\/a><h3>\u015acieki <\/h3>\r\n\t\t<div class=\"item_details_info\"><div class=\"item_details_date\">13 sierpnia 2020<\/div><a href=\"#\" class=\"zilla-likes\" id=\"zilla-likes-8200\" title=\"Like this\"><span class=\"zilla-likes-count\">2002<\/span> <span class=\"zilla-likes-postfix\"><\/span><\/a><\/div><div class=\"port_small_excerpt\"><div class=\"port_project_buttons\"><a class=\"view-portfolio-item\" href=\"https:\/\/hydro-partner.pl\/projekty\/tlocznia-sciekow-nowa-sol\/\" target=\"_self\">View More<\/a><\/div><\/div>\r\n\t\t<\/div><div class=\"portfolio_sub_info\"><div class=\"isotope_portfolio_name\">T\u0142ocznia \u015bciek\u00f3w Nowa S\u00f3l<\/div><div class=\"isotope_portfolio_date\">2020-08-13<\/div><\/div><\/div><!-- element END --><div data-category=\"scieki \" class=\"scieki  element\">\r\n\t\t<div class=\"filter_img\">\r\n\t\t<div class=\"port_thumb_ctn\">\r\n\t\t<div class=\"port_overlay\"><\/div>\r\n        <a _self href=\"https:\/\/hydro-partner.pl\/projekty\/pniewy-sucha-przepompownia\/\" target=\"_self\" class=\"ico_link\"><img loading=\"lazy\" decoding=\"async\" width=\"768\" height=\"768\" src=\"https:\/\/hydro-partner.pl\/wp-content\/uploads\/2020\/08\/Resized_20191017_103933-768x768.jpeg\" class=\"attachment-portfolio_squared size-portfolio_squared wp-post-image\" alt=\"\" srcset=\"https:\/\/hydro-partner.pl\/wp-content\/uploads\/2020\/08\/Resized_20191017_103933-768x768.jpeg 768w, https:\/\/hydro-partner.pl\/wp-content\/uploads\/2020\/08\/Resized_20191017_103933-150x150.jpeg 150w, https:\/\/hydro-partner.pl\/wp-content\/uploads\/2020\/08\/Resized_20191017_103933-570x570.jpeg 570w, https:\/\/hydro-partner.pl\/wp-content\/uploads\/2020\/08\/Resized_20191017_103933-266x266.jpeg 266w\" sizes=\"(max-width: 768px) 100vw, 768px\" \/>\r\n\t\t<\/a><figcaption><div>\r\n\t\t<h2>Pniewy sucha przepompownia<\/h2>\r\n\t\t<p>\u015acieki <\/p>\r\n\t\t<\/div>\r\n\t\t<a href=\"https:\/\/hydro-partner.pl\/projekty\/pniewy-sucha-przepompownia\/\" target=\"_self\">View more<\/a>\r\n\t\t<\/figcaption><a href=\"https:\/\/hydro-partner.pl\/wp-content\/uploads\/2020\/08\/Resized_20191017_103933.jpeg\" class=\"prettyPhoto port_img_link\"><span class='img_link'><\/span><\/a><a href='https:\/\/hydro-partner.pl\/projekty\/pniewy-sucha-przepompownia\/' target='_self' class='port_post_link'><span class='post_link'><h2 class='fw_port_link'>Pniewy sucha przepompownia<\/h2><h3 class='fw_port_tag'>\u015acieki <\/h3><\/span><\/a><div class=\"portfolio_desc\">\r\n\t\t<h2><a href=\"https:\/\/hydro-partner.pl\/projekty\/pniewy-sucha-przepompownia\/\" target=\"_self\">Pniewy sucha przepompownia<\/a><\/h2>\r\n\t\t<h3>\u015acieki <\/h3>\r\n        <\/div>\r\n\t\t<\/div><!-- port_thumb_ctn END -->\r\n\t\t<\/div><!-- Filter img END -->\r\n\t\t<div class=\"port_item_details\"><a href=\"https:\/\/hydro-partner.pl\/projekty\/pniewy-sucha-przepompownia\/\" target=\"_self\"><h2>Pniewy sucha przepompownia<\/h2><\/a><h3>\u015acieki <\/h3>\r\n\t\t<div class=\"item_details_info\"><div class=\"item_details_date\">13 sierpnia 2020<\/div><a href=\"#\" class=\"zilla-likes\" id=\"zilla-likes-8198\" title=\"Like this\"><span class=\"zilla-likes-count\">2006<\/span> <span class=\"zilla-likes-postfix\"><\/span><\/a><\/div><div class=\"port_small_excerpt\"><div class=\"port_project_buttons\"><a class=\"view-portfolio-item\" href=\"https:\/\/hydro-partner.pl\/projekty\/pniewy-sucha-przepompownia\/\" target=\"_self\">View More<\/a><\/div><\/div>\r\n\t\t<\/div><div class=\"portfolio_sub_info\"><div class=\"isotope_portfolio_name\">Pniewy sucha przepompownia<\/div><div class=\"isotope_portfolio_date\">2020-08-13<\/div><\/div><\/div><!-- element END --><div data-category=\"scieki \" class=\"scieki  element\">\r\n\t\t<div class=\"filter_img\">\r\n\t\t<div class=\"port_thumb_ctn\">\r\n\t\t<div class=\"port_overlay\"><\/div>\r\n        <a _self href=\"https:\/\/hydro-partner.pl\/projekty\/przepompownia-sciekow-rzepcze-z-napowietrzanie\/\" target=\"_self\" class=\"ico_link\"><img loading=\"lazy\" decoding=\"async\" width=\"768\" height=\"768\" src=\"https:\/\/hydro-partner.pl\/wp-content\/uploads\/2020\/08\/20190703_134445x-1-768x768.jpg\" class=\"attachment-portfolio_squared size-portfolio_squared wp-post-image\" alt=\"\" srcset=\"https:\/\/hydro-partner.pl\/wp-content\/uploads\/2020\/08\/20190703_134445x-1-768x768.jpg 768w, https:\/\/hydro-partner.pl\/wp-content\/uploads\/2020\/08\/20190703_134445x-1-150x150.jpg 150w, https:\/\/hydro-partner.pl\/wp-content\/uploads\/2020\/08\/20190703_134445x-1-570x570.jpg 570w, https:\/\/hydro-partner.pl\/wp-content\/uploads\/2020\/08\/20190703_134445x-1-266x266.jpg 266w, https:\/\/hydro-partner.pl\/wp-content\/uploads\/2020\/08\/20190703_134445x-1-60x60.jpg 60w\" sizes=\"(max-width: 768px) 100vw, 768px\" \/>\r\n\t\t<\/a><figcaption><div>\r\n\t\t<h2>Przepompownia \u015bciek\u00f3w Rzepcze z napowietrzaniem<\/h2>\r\n\t\t<p>\u015acieki <\/p>\r\n\t\t<\/div>\r\n\t\t<a href=\"https:\/\/hydro-partner.pl\/projekty\/przepompownia-sciekow-rzepcze-z-napowietrzanie\/\" target=\"_self\">View more<\/a>\r\n\t\t<\/figcaption><a href=\"https:\/\/hydro-partner.pl\/wp-content\/uploads\/2020\/08\/20190703_134445x-1.jpg\" class=\"prettyPhoto port_img_link\"><span class='img_link'><\/span><\/a><a href='https:\/\/hydro-partner.pl\/projekty\/przepompownia-sciekow-rzepcze-z-napowietrzanie\/' target='_self' class='port_post_link'><span class='post_link'><h2 class='fw_port_link'>Przepompownia \u015bciek\u00f3w Rzepcze z napowietrzaniem<\/h2><h3 class='fw_port_tag'>\u015acieki <\/h3><\/span><\/a><div class=\"portfolio_desc\">\r\n\t\t<h2><a href=\"https:\/\/hydro-partner.pl\/projekty\/przepompownia-sciekow-rzepcze-z-napowietrzanie\/\" target=\"_self\">Przepompownia \u015bciek\u00f3w Rzepcze z napowietrzaniem<\/a><\/h2>\r\n\t\t<h3>\u015acieki <\/h3>\r\n        <\/div>\r\n\t\t<\/div><!-- port_thumb_ctn END -->\r\n\t\t<\/div><!-- Filter img END -->\r\n\t\t<div class=\"port_item_details\"><a href=\"https:\/\/hydro-partner.pl\/projekty\/przepompownia-sciekow-rzepcze-z-napowietrzanie\/\" target=\"_self\"><h2>Przepompownia \u015bciek\u00f3w Rzepcze z napowietrzaniem<\/h2><\/a><h3>\u015acieki <\/h3>\r\n\t\t<div class=\"item_details_info\"><div class=\"item_details_date\">13 sierpnia 2020<\/div><a href=\"#\" class=\"zilla-likes\" id=\"zilla-likes-8184\" title=\"Like this\"><span class=\"zilla-likes-count\">2005<\/span> <span class=\"zilla-likes-postfix\"><\/span><\/a><\/div><div class=\"port_small_excerpt\"><div class=\"port_project_buttons\"><a class=\"view-portfolio-item\" href=\"https:\/\/hydro-partner.pl\/projekty\/przepompownia-sciekow-rzepcze-z-napowietrzanie\/\" target=\"_self\">View More<\/a><\/div><\/div>\r\n\t\t<\/div><div class=\"portfolio_sub_info\"><div class=\"isotope_portfolio_name\">Przepompownia \u015bciek\u00f3w Rzepcze z napowietrzaniem<\/div><div class=\"isotope_portfolio_date\">2020-08-13<\/div><\/div><\/div><!-- element END --><div data-category=\"scieki \" class=\"scieki  element\">\r\n\t\t<div class=\"filter_img\">\r\n\t\t<div class=\"port_thumb_ctn\">\r\n\t\t<div class=\"port_overlay\"><\/div>\r\n        <a _self href=\"https:\/\/hydro-partner.pl\/projekty\/przepompownia-osieczna\/\" target=\"_self\" class=\"ico_link\"><img loading=\"lazy\" decoding=\"async\" width=\"768\" height=\"768\" src=\"https:\/\/hydro-partner.pl\/wp-content\/uploads\/2020\/08\/20200508_175417-768x768.jpg\" class=\"attachment-portfolio_squared size-portfolio_squared wp-post-image\" alt=\"\" srcset=\"https:\/\/hydro-partner.pl\/wp-content\/uploads\/2020\/08\/20200508_175417-768x768.jpg 768w, https:\/\/hydro-partner.pl\/wp-content\/uploads\/2020\/08\/20200508_175417-150x150.jpg 150w, https:\/\/hydro-partner.pl\/wp-content\/uploads\/2020\/08\/20200508_175417-570x570.jpg 570w, https:\/\/hydro-partner.pl\/wp-content\/uploads\/2020\/08\/20200508_175417-scaled-266x266.jpg 266w\" sizes=\"(max-width: 768px) 100vw, 768px\" \/>\r\n\t\t<\/a><figcaption><div>\r\n\t\t<h2>Przepompownia \u015bciek\u00f3w Osieczna<\/h2>\r\n\t\t<p>\u015acieki <\/p>\r\n\t\t<\/div>\r\n\t\t<a href=\"https:\/\/hydro-partner.pl\/projekty\/przepompownia-osieczna\/\" target=\"_self\">View more<\/a>\r\n\t\t<\/figcaption><a href=\"https:\/\/hydro-partner.pl\/wp-content\/uploads\/2020\/08\/20200508_175417-scaled.jpg\" class=\"prettyPhoto port_img_link\"><span class='img_link'><\/span><\/a><a href='https:\/\/hydro-partner.pl\/projekty\/przepompownia-osieczna\/' target='_self' class='port_post_link'><span class='post_link'><h2 class='fw_port_link'>Przepompownia \u015bciek\u00f3w Osieczna<\/h2><h3 class='fw_port_tag'>\u015acieki <\/h3><\/span><\/a><div class=\"portfolio_desc\">\r\n\t\t<h2><a href=\"https:\/\/hydro-partner.pl\/projekty\/przepompownia-osieczna\/\" target=\"_self\">Przepompownia \u015bciek\u00f3w Osieczna<\/a><\/h2>\r\n\t\t<h3>\u015acieki <\/h3>\r\n        <\/div>\r\n\t\t<\/div><!-- port_thumb_ctn END -->\r\n\t\t<\/div><!-- Filter img END -->\r\n\t\t<div class=\"port_item_details\"><a href=\"https:\/\/hydro-partner.pl\/projekty\/przepompownia-osieczna\/\" target=\"_self\"><h2>Przepompownia \u015bciek\u00f3w Osieczna<\/h2><\/a><h3>\u015acieki <\/h3>\r\n\t\t<div class=\"item_details_info\"><div class=\"item_details_date\">13 sierpnia 2020<\/div><a href=\"#\" class=\"zilla-likes\" id=\"zilla-likes-8181\" title=\"Like this\"><span class=\"zilla-likes-count\">25199<\/span> <span class=\"zilla-likes-postfix\"><\/span><\/a><\/div><div class=\"port_small_excerpt\"><div class=\"port_project_buttons\"><a class=\"view-portfolio-item\" href=\"https:\/\/hydro-partner.pl\/projekty\/przepompownia-osieczna\/\" target=\"_self\">View More<\/a><\/div><\/div>\r\n\t\t<\/div><div class=\"portfolio_sub_info\"><div class=\"isotope_portfolio_name\">Przepompownia \u015bciek\u00f3w Osieczna<\/div><div class=\"isotope_portfolio_date\">2020-08-13<\/div><\/div><\/div><!-- element END -->\r\n\r\n                <\/div><!-- .portfolio_block -->\r\n\r\n                <div class=\"rd_clear\"><!-- ClearFix --><\/div><\/div>  <script>\r\n\r\n\r\n\r\njQuery.noConflict();\r\njQuery(document).ready(function($){\r\n\"use strict\";\r\n            \r\n $(window).load(function(){\r\n\r\n\t$(\"#randomf68t9pc6j9feqvxj2qsr_port .optionset li a\").each(function() {\r\n\r\n\t\t\t\t\t\t\t\tvar filter_class = $(this).attr('data-option-value');\r\n\t\t\t\t\t\t\t\t if ($('#randomf68t9pc6j9feqvxj2qsr_port').find(filter_class).length){ \/\/ implies *not* zero\r\n\t\t\t\t\t\t\t\t$(this).parent('li').show();\r\n\t\t\t\t\t\t\t\t }else{\r\n\t\t\t\t\t\t\t\t$(this).parent('li').hide();\r\n\t\t\t\t\t\t\t\t }\r\n\r\n\r\n\t\t\t\t\t\t\t\t});\r\n\r\n                            $('#portfolio-tags').css('opacity','1');\r\nfunction watchport() {\r\n\r\n$(\"#randomf68t9pc6j9feqvxj2qsr_port .portfolio_block\").isotope('layout');\r\n\t\t\t\r\n}\r\n\r\nsetInterval(watchport, 100);\r\n\r\n\r\n\r\n                });\r\n\r\n                });\r\n            <\/script>\r\n  [vc_empty_space height=&#8221;64px&#8221;][\/vc_column][\/vc_row]<\/p>\n","protected":false},"excerpt":{"rendered":"<p><a href=\"https:\/\/hydro-partner.pl\/projekty\/przepompownia-osieczna\/\" class=\"more\">Read more<\/a><\/p>\n","protected":false},"author":1,"featured_media":0,"parent":7509,"menu_order":0,"comment_status":"closed","ping_status":"open","template":"","meta":{"_uf_show_specific_survey":0,"_uf_disable_surveys":false,"footnotes":""},"_links":{"self":[{"href":"https:\/\/hydro-partner.pl\/wp-json\/wp\/v2\/pages\/8271"}],"collection":[{"href":"https:\/\/hydro-partner.pl\/wp-json\/wp\/v2\/pages"}],"about":[{"href":"https:\/\/hydro-partner.pl\/wp-json\/wp\/v2\/types\/page"}],"author":[{"embeddable":true,"href":"https:\/\/hydro-partner.pl\/wp-json\/wp\/v2\/users\/1"}],"replies":[{"embeddable":true,"href":"https:\/\/hydro-partner.pl\/wp-json\/wp\/v2\/comments?post=8271"}],"version-history":[{"count":1,"href":"https:\/\/hydro-partner.pl\/wp-json\/wp\/v2\/pages\/8271\/revisions"}],"predecessor-version":[{"id":8272,"href":"https:\/\/hydro-partner.pl\/wp-json\/wp\/v2\/pages\/8271\/revisions\/8272"}],"up":[{"embeddable":true,"href":"https:\/\/hydro-partner.pl\/wp-json\/wp\/v2\/pages\/7509"}],"wp:attachment":[{"href":"https:\/\/hydro-partner.pl\/wp-json\/wp\/v2\/media?parent=8271"}],"curies":[{"name":"wp","href":"https:\/\/api.w.org\/{rel}","templated":true}]}}