{"id":7958,"date":"2020-06-15T14:40:07","date_gmt":"2020-06-15T12:40:07","guid":{"rendered":"http:\/\/hydro-partner.pl\/?page_id=7958"},"modified":"2020-06-16T15:19:48","modified_gmt":"2020-06-16T13:19:48","slug":"pompownie-melioracyjne","status":"publish","type":"page","link":"https:\/\/hydro-partner.pl\/produkty\/pompownie-melioracyjne\/","title":{"rendered":"Pompownie melioracyjne"},"content":{"rendered":"<p>[vc_row overlay=&#8221;rd_hover_goliath&#8221; overlay_color=&#8221;&#8221; port_type=&#8221;port_type_5&#8243; port_bg_color=&#8221;&#8221; port_title_color=&#8221;&#8221; port_text_color=&#8221;&#8221; port_button_color=&#8221;&#8221; port_border_color=&#8221;&#8221; port_hover_bg_color=&#8221;&#8221; port_hover_title_color=&#8221;&#8221; port_hover_text_color=&#8221;&#8221; port_hover_button_color=&#8221;&#8221; port_hover_border_color=&#8221;&#8221; desc_title=&#8221;&#8221; desc_cat=&#8221;&#8221; overlay_color_2=&#8221;&#8221; desc_border=&#8221;&#8221; port_thumbnail=&#8221;thumbnail_type_2&#8243; port_layout=&#8221;3 columns&#8221; category=&#8221;pompy&#8221; tags=&#8221;all&#8221; port_order=&#8221;DESC&#8221; port_orderby=&#8221;date&#8221; target=&#8221;_self&#8221; port_start=&#8221;8&#8243; filter=&#8221;yes&#8221; filter_type=&#8221;filter_type_1&#8243; filter_text_color=&#8221;&#8221; filter_background_color=&#8221;&#8221; filter_border_color=&#8221;&#8221; selected_filter_bg_color=&#8221;&#8221; port_navigation=&#8221;&#8221; nav_bg=&#8221;&#8221; nav_color=&#8221;&#8221; nav_border=&#8221;&#8221; nav_hover_color=&#8221;&#8221; nav_hover_bg=&#8221;&#8221; port_click=&#8221;4&#8243; button_bg=&#8221;&#8221; button_title=&#8221;&#8221; button_border=&#8221;&#8221; button_hover_title=&#8221;&#8221; button_hover_bg=&#8221;&#8221;][vc_column][vc_custom_heading text=&#8221;POMPOWNIE MELIORACYJNE&#8221; font_container=&#8221;tag:h2|font_size:30|text_align:center|color:%235b5b5b|line_height:3&#8243; google_fonts=&#8221;font_family:Lato%3A100%2C100italic%2C300%2C300italic%2Cregular%2Citalic%2C700%2C700italic%2C900%2C900italic|font_style:900%20bold%20regular%3A900%3Anormal&#8221; css=&#8221;.vc_custom_1592225073728{margin-bottom: 50px !important;}&#8221; el_class=&#8221;letterspacing-3&#8243;][\/vc_column][\/vc_row][vc_row][vc_column]<style type=\"text\/css\" >#ic_gr08oj04fqchdgn1mp37 {margin:0px auto 0px; }#ic_gr08oj04fqchdgn1mp37 .owl-prev,#ic_gr08oj04fqchdgn1mp37 .owl-next{border-color:#ecf0f1; background:#ffffff; color:#a1b1bc; }#ic_gr08oj04fqchdgn1mp37 .owl-prev:hover,#ic_gr08oj04fqchdgn1mp37 .owl-next:hover{background:#f9fafb; color:#2c3e50; }#ic_gr08oj04fqchdgn1mp37 .owl-prev:before,#ic_gr08oj04fqchdgn1mp37 .owl-next:after{border-color:#a1b1bc; }#ic_gr08oj04fqchdgn1mp37 .owl-prev:hover::before,#ic_gr08oj04fqchdgn1mp37 .owl-next:hover::after{border-color:#2c3e50; }#ic_gr08oj04fqchdgn1mp37 .owl-dot{ background:#ffffff; border-color:#ecf0f1; }#ic_gr08oj04fqchdgn1mp37 .owl-dot.active{ background:#1c83d8; border-color:#ecf0f1;}<\/style><script type=\"text\/javascript\" charset=\"utf-8\">\r\n\r\n\t\tjQuery.noConflict();\r\n\t\/\/setup up Carousel\r\n\t\tjQuery(document).ready(function($) {\r\n\t\"use strict\";\r\n\t$(window).load(function(){\r\n\t\t$(\"#ic_gr08oj04fqchdgn1mp37\").owlCarousel({\r\n\t\t\trtl: $(\"body\").hasClass(\"rtl\") ? true : false,\r\n\t\t\tresponsiveClass:true,\r\n\t\t\tcenter:true,\r\n\t\t\tloop:true,\r\n\t\t\tresponsive:{\r\n\t\t\t\t0:{\r\n\t\t\t\t\titems:1,\r\n\t\t\t    },\r\n\t\t\t    780:{\r\n\t\t\t        items:2,\r\n\t\t\t\t},\r\n\t\t\t\t1000:{\r\n\t\t\t\t    items:2,\r\n\t\t\t\t},\r\n\t\t\t},\r\n\t\t\t autoplay:true,\r\n\t\t\t autoplaySpeed: 800,\r\n\t   \t \t dots:true,\r\n\t\t\t nav:true,\r\n\t\r\n\t\t});\r\n\t});\r\n});\r\n\r\n<\/script><div class=\"tt_testimonials_ctn rd_ic_center   \" id=\"ic_gr08oj04fqchdgn1mp37\" style=\"margin-top:0px; margin-bottom:0px;\"><a href=\"https:\/\/hydro-partner.pl\/wp-content\/uploads\/2020\/06\/Zwierzyniec1x-1024x683.jpg\"  rel=\"prettyPhoto[rel-gr08oj04fqchdgn1mp37]\" ><img loading=\"lazy\" decoding=\"async\" width=\"1500\" height=\"1000\" src=\"https:\/\/hydro-partner.pl\/wp-content\/uploads\/2020\/06\/Zwierzyniec1x.jpg\" class=\"attachment-full\" alt=\"\" srcset=\"https:\/\/hydro-partner.pl\/wp-content\/uploads\/2020\/06\/Zwierzyniec1x.jpg 1500w, https:\/\/hydro-partner.pl\/wp-content\/uploads\/2020\/06\/Zwierzyniec1x-300x200.jpg 300w, https:\/\/hydro-partner.pl\/wp-content\/uploads\/2020\/06\/Zwierzyniec1x-1024x683.jpg 1024w, https:\/\/hydro-partner.pl\/wp-content\/uploads\/2020\/06\/Zwierzyniec1x-768x512.jpg 768w\" sizes=\"(max-width: 1500px) 100vw, 1500px\" \/><\/a><a href=\"https:\/\/hydro-partner.pl\/wp-content\/uploads\/2020\/06\/20180516_102958x-1-1024x768.jpg\"  rel=\"prettyPhoto[rel-gr08oj04fqchdgn1mp37]\" ><img loading=\"lazy\" decoding=\"async\" width=\"1500\" height=\"1125\" src=\"https:\/\/hydro-partner.pl\/wp-content\/uploads\/2020\/06\/20180516_102958x-1.jpg\" class=\"attachment-full\" alt=\"\" srcset=\"https:\/\/hydro-partner.pl\/wp-content\/uploads\/2020\/06\/20180516_102958x-1.jpg 1500w, https:\/\/hydro-partner.pl\/wp-content\/uploads\/2020\/06\/20180516_102958x-1-300x225.jpg 300w, https:\/\/hydro-partner.pl\/wp-content\/uploads\/2020\/06\/20180516_102958x-1-1024x768.jpg 1024w, https:\/\/hydro-partner.pl\/wp-content\/uploads\/2020\/06\/20180516_102958x-1-768x576.jpg 768w\" sizes=\"(max-width: 1500px) 100vw, 1500px\" \/><\/a><a href=\"https:\/\/hydro-partner.pl\/wp-content\/uploads\/2020\/06\/Zwierzyniec3x-1024x683.jpg\"  rel=\"prettyPhoto[rel-gr08oj04fqchdgn1mp37]\" ><img loading=\"lazy\" decoding=\"async\" width=\"1500\" height=\"1000\" src=\"https:\/\/hydro-partner.pl\/wp-content\/uploads\/2020\/06\/Zwierzyniec3x.jpg\" class=\"attachment-full\" alt=\"\" srcset=\"https:\/\/hydro-partner.pl\/wp-content\/uploads\/2020\/06\/Zwierzyniec3x.jpg 1500w, https:\/\/hydro-partner.pl\/wp-content\/uploads\/2020\/06\/Zwierzyniec3x-300x200.jpg 300w, https:\/\/hydro-partner.pl\/wp-content\/uploads\/2020\/06\/Zwierzyniec3x-1024x683.jpg 1024w, https:\/\/hydro-partner.pl\/wp-content\/uploads\/2020\/06\/Zwierzyniec3x-768x512.jpg 768w\" sizes=\"(max-width: 1500px) 100vw, 1500px\" \/><\/a><\/div>[\/vc_column][\/vc_row][vc_row font_color=&#8221;#666666&#8243;][vc_column css=&#8221;.vc_custom_1592222193758{margin-right: 75px !important;margin-left: 75px !important;}&#8221;][vc_column_text]Projektujemy, budujemy oraz remontujemy przepompownie melioracyjne. Powstaj\u0105 one g\u0142\u00f3wnie na obszarach, z kt\u00f3rych nie jest mo\u017cliwy naturalny, grawitacyjny sp\u0142yw w\u00f3d.<\/p>\n<p>Konieczno\u015b\u0107 budowy pompowni melioracyjnych dotyczy zar\u00f3wno naturalnych obszar\u00f3w depresyjnych, bezodp\u0142ywowych, jak i jest spowodowana dzia\u0142alno\u015bci\u0105 cz\u0142owieka np.: wybudowaniem wa\u0142\u00f3w przeciwpowodziowych.<\/p>\n<p>Przy doborach pomp do pompowni melioracyjnych bierzemy pod uwag\u0119 zakres pracy podstawowej wyst\u0119puj\u0105cy przez 90% czasu pracy, jak i zakres pracy alarmowej. Pozwala to na optymalizacj\u0119 koszt\u00f3w inwestycji jak i p\u00f3\u017aniejszej eksploatacji obiektu.<\/p>\n<p>Projektujemy i wykonujemy opomiarowanie zbiornik\u00f3w wodnych, zastawek, jaz\u00f3w, wa\u0142\u00f3w przeciwpowodziowych i innych obiekt\u00f3w hydrotechnicznych. Prace prowadzimy na budowlach: pi\u0119trz\u0105cych, do przesy\u0142u wody, regulacyjnych, hydroenergetycznych, dr\u00f3g wodnych.<\/p>\n<p><strong>G\u0142\u00f3wne obszary zastosowa\u0144:<\/strong><\/p>\n<ul>\n<li>ochrona ekosystem\u00f3w wodnych<\/li>\n<li>ograniczenie ryzyka i skutk\u00f3w powodzi<\/li>\n<li>ograniczenie ryzyka i skutk\u00f3w suszy<\/li>\n<li>zaopatrzenie w wod\u0119 pitn\u0105<\/li>\n<li>zaopatrzenie w wod\u0119 dla przemys\u0142u<\/li>\n<li>zaopatrzenie w wod\u0119 dla rolnictwa<\/li>\n<li>energetyka wodna<\/li>\n<li>\u017cegluga<\/li>\n<li>rybactwo<\/li>\n<li>rekreacja<\/li>\n<\/ul>\n<p>[\/vc_column_text][\/vc_column][\/vc_row]<\/p>\n","protected":false},"excerpt":{"rendered":"<p>[vc_row overlay=&#8221;rd_hover_goliath&#8221; overlay_color=&#8221;&#8221; port_type=&#8221;port_type_5&#8243; port_bg_color=&#8221;&#8221; port_title_color=&#8221;&#8221; port_text_color=&#8221;&#8221; port_button_color=&#8221;&#8221; port_border_color=&#8221;&#8221; port_hover_bg_color=&#8221;&#8221; port_hover_title_color=&#8221;&#8221; port_hover_text_color=&#8221;&#8221; port_hover_button_color=&#8221;&#8221; port_hover_border_color=&#8221;&#8221; desc_title=&#8221;&#8221; desc_cat=&#8221;&#8221; overlay_color_2=&#8221;&#8221; desc_border=&#8221;&#8221; port_thumbnail=&#8221;thumbnail_type_2&#8243; port_layout=&#8221;3 columns&#8221; category=&#8221;pompy&#8221; tags=&#8221;all&#8221; port_order=&#8221;DESC&#8221; port_orderby=&#8221;date&#8221; target=&#8221;_self&#8221; port_start=&#8221;8&#8243; filter=&#8221;yes&#8221; filter_type=&#8221;filter_type_1&#8243; filter_text_color=&#8221;&#8221; filter_background_color=&#8221;&#8221; filter_border_color=&#8221;&#8221; selected_filter_bg_color=&#8221;&#8221; port_navigation=&#8221;&#8221; nav_bg=&#8221;&#8221; nav_color=&#8221;&#8221; nav_border=&#8221;&#8221; nav_hover_color=&#8221;&#8221; nav_hover_bg=&#8221;&#8221; port_click=&#8221;4&#8243; button_bg=&#8221;&#8221; button_title=&#8221;&#8221; button_border=&#8221;&#8221; button_hover_title=&#8221;&#8221; button_hover_bg=&#8221;&#8221;][vc_column][vc_custom_heading text=&#8221;POMPOWNIE MELIORACYJNE&#8221; font_container=&#8221;tag:h2|font_size:30|text_align:center|color:%235b5b5b|line_height:3&#8243; google_fonts=&#8221;font_family:Lato%3A100%2C100italic%2C300%2C300italic%2Cregular%2Citalic%2C700%2C700italic%2C900%2C900italic|font_style:900%20bold%20regular%3A900%3Anormal&#8221; css=&#8221;.vc_custom_1592225073728{margin-bottom: 50px !important;}&#8221; el_class=&#8221;letterspacing-3&#8243;][\/vc_column][\/vc_row][vc_row][vc_column][\/vc_column][\/vc_row][vc_row font_color=&#8221;#666666&#8243;][vc_column css=&#8221;.vc_custom_1592222193758{margin-right:<br \/><a href=\"https:\/\/hydro-partner.pl\/produkty\/pompownie-melioracyjne\/\" class=\"more\">Read more<\/a><\/p>\n","protected":false},"author":1,"featured_media":0,"parent":7765,"menu_order":0,"comment_status":"closed","ping_status":"open","template":"","meta":{"_uf_show_specific_survey":0,"_uf_disable_surveys":false,"footnotes":""},"_links":{"self":[{"href":"https:\/\/hydro-partner.pl\/wp-json\/wp\/v2\/pages\/7958"}],"collection":[{"href":"https:\/\/hydro-partner.pl\/wp-json\/wp\/v2\/pages"}],"about":[{"href":"https:\/\/hydro-partner.pl\/wp-json\/wp\/v2\/types\/page"}],"author":[{"embeddable":true,"href":"https:\/\/hydro-partner.pl\/wp-json\/wp\/v2\/users\/1"}],"replies":[{"embeddable":true,"href":"https:\/\/hydro-partner.pl\/wp-json\/wp\/v2\/comments?post=7958"}],"version-history":[{"count":5,"href":"https:\/\/hydro-partner.pl\/wp-json\/wp\/v2\/pages\/7958\/revisions"}],"predecessor-version":[{"id":8025,"href":"https:\/\/hydro-partner.pl\/wp-json\/wp\/v2\/pages\/7958\/revisions\/8025"}],"up":[{"embeddable":true,"href":"https:\/\/hydro-partner.pl\/wp-json\/wp\/v2\/pages\/7765"}],"wp:attachment":[{"href":"https:\/\/hydro-partner.pl\/wp-json\/wp\/v2\/media?parent=7958"}],"curies":[{"name":"wp","href":"https:\/\/api.w.org\/{rel}","templated":true}]}}