{"id":7796,"date":"2020-04-17T12:02:21","date_gmt":"2020-04-17T10:02:21","guid":{"rendered":"http:\/\/hydro-partner.pl\/?page_id=7796"},"modified":"2020-09-28T15:21:27","modified_gmt":"2020-09-28T13:21:27","slug":"automatyka-2","status":"publish","type":"page","link":"https:\/\/hydro-partner.pl\/automatyka-2\/","title":{"rendered":"Automatyka"},"content":{"rendered":"<p>[vc_row][vc_column][vc_custom_heading text=&#8221;AUTOMATYKA&#8221; font_container=&#8221;tag:h2|font_size:30|text_align:center|color:%235b5b5b|line_height:3&#8243; google_fonts=&#8221;font_family:Lato%3A100%2C100italic%2C300%2C300italic%2Cregular%2Citalic%2C700%2C700italic%2C900%2C900italic|font_style:900%20bold%20regular%3A900%3Anormal&#8221; el_class=&#8221;letterspacing-3&#8243;][\/vc_column][\/vc_row][vc_row][vc_column]<style type=\"text\/css\" >#ic_pjf5qehhu03fuakr0v7m {margin:0px auto 0px; }#ic_pjf5qehhu03fuakr0v7m .owl-prev,#ic_pjf5qehhu03fuakr0v7m .owl-next{border-color:#ecf0f1; background:#ffffff; color:#a1b1bc; }#ic_pjf5qehhu03fuakr0v7m .owl-prev:hover,#ic_pjf5qehhu03fuakr0v7m .owl-next:hover{background:#f9fafb; color:#2c3e50; }#ic_pjf5qehhu03fuakr0v7m .owl-prev:before,#ic_pjf5qehhu03fuakr0v7m .owl-next:after{border-color:#a1b1bc; }#ic_pjf5qehhu03fuakr0v7m .owl-prev:hover::before,#ic_pjf5qehhu03fuakr0v7m .owl-next:hover::after{border-color:#2c3e50; }#ic_pjf5qehhu03fuakr0v7m .owl-dot{ background:#ffffff; border-color:#ecf0f1; }#ic_pjf5qehhu03fuakr0v7m .owl-dot.active{ background:#1c83d8; border-color:#ecf0f1;}<\/style><script type=\"text\/javascript\" charset=\"utf-8\">\r\n\r\n\t\tjQuery.noConflict();\r\n\t\/\/setup up Carousel\r\n\t\tjQuery(document).ready(function($) {\r\n\t\"use strict\";\r\n\t$(window).load(function(){\r\n\t\t$(\"#ic_pjf5qehhu03fuakr0v7m\").owlCarousel({\r\n\t\t\trtl: $(\"body\").hasClass(\"rtl\") ? true : false,\r\n\t\t\tresponsiveClass:true,\r\n\t\t\tcenter:true,\r\n\t\t\tloop:true,\r\n\t\t\tresponsive:{\r\n\t\t\t\t0:{\r\n\t\t\t\t\titems:1,\r\n\t\t\t    },\r\n\t\t\t    780:{\r\n\t\t\t        items:2,\r\n\t\t\t\t},\r\n\t\t\t\t1000:{\r\n\t\t\t\t    items:2,\r\n\t\t\t\t},\r\n\t\t\t},\r\n\t\t\t autoplay:true,\r\n\t\t\t autoplaySpeed: 800,\r\n\t   \t \t dots:true,\r\n\t\t\t nav:true,\r\n\t\r\n\t\t});\r\n\t});\r\n});\r\n\r\n<\/script><div class=\"tt_testimonials_ctn rd_ic_center   \" id=\"ic_pjf5qehhu03fuakr0v7m\" style=\"margin-top:0px; margin-bottom:0px;\"><a href=\"https:\/\/hydro-partner.pl\/wp-content\/uploads\/2020\/06\/IMG_20200505_083507x-1024x576.jpg\"  rel=\"prettyPhoto[rel-pjf5qehhu03fuakr0v7m]\" ><img loading=\"lazy\" decoding=\"async\" width=\"1500\" height=\"844\" src=\"https:\/\/hydro-partner.pl\/wp-content\/uploads\/2020\/06\/IMG_20200505_083507x.jpg\" class=\"attachment-full\" alt=\"\" srcset=\"https:\/\/hydro-partner.pl\/wp-content\/uploads\/2020\/06\/IMG_20200505_083507x.jpg 1500w, https:\/\/hydro-partner.pl\/wp-content\/uploads\/2020\/06\/IMG_20200505_083507x-300x169.jpg 300w, https:\/\/hydro-partner.pl\/wp-content\/uploads\/2020\/06\/IMG_20200505_083507x-1024x576.jpg 1024w, https:\/\/hydro-partner.pl\/wp-content\/uploads\/2020\/06\/IMG_20200505_083507x-768x432.jpg 768w\" sizes=\"(max-width: 1500px) 100vw, 1500px\" \/><\/a><a href=\"https:\/\/hydro-partner.pl\/wp-content\/uploads\/2020\/06\/20190531_111802x-1024x768.jpg\"  rel=\"prettyPhoto[rel-pjf5qehhu03fuakr0v7m]\" ><img loading=\"lazy\" decoding=\"async\" width=\"1500\" height=\"1125\" src=\"https:\/\/hydro-partner.pl\/wp-content\/uploads\/2020\/06\/20190531_111802x.jpg\" class=\"attachment-full\" alt=\"\" srcset=\"https:\/\/hydro-partner.pl\/wp-content\/uploads\/2020\/06\/20190531_111802x.jpg 1500w, https:\/\/hydro-partner.pl\/wp-content\/uploads\/2020\/06\/20190531_111802x-300x225.jpg 300w, https:\/\/hydro-partner.pl\/wp-content\/uploads\/2020\/06\/20190531_111802x-1024x768.jpg 1024w, https:\/\/hydro-partner.pl\/wp-content\/uploads\/2020\/06\/20190531_111802x-768x576.jpg 768w\" sizes=\"(max-width: 1500px) 100vw, 1500px\" \/><\/a><a href=\"https:\/\/hydro-partner.pl\/wp-content\/uploads\/2020\/06\/20190606_082023x-1024x768.jpg\"  rel=\"prettyPhoto[rel-pjf5qehhu03fuakr0v7m]\" ><img loading=\"lazy\" decoding=\"async\" width=\"1500\" height=\"1125\" src=\"https:\/\/hydro-partner.pl\/wp-content\/uploads\/2020\/06\/20190606_082023x.jpg\" class=\"attachment-full\" alt=\"\" srcset=\"https:\/\/hydro-partner.pl\/wp-content\/uploads\/2020\/06\/20190606_082023x.jpg 1500w, https:\/\/hydro-partner.pl\/wp-content\/uploads\/2020\/06\/20190606_082023x-300x225.jpg 300w, https:\/\/hydro-partner.pl\/wp-content\/uploads\/2020\/06\/20190606_082023x-1024x768.jpg 1024w, https:\/\/hydro-partner.pl\/wp-content\/uploads\/2020\/06\/20190606_082023x-768x576.jpg 768w\" sizes=\"(max-width: 1500px) 100vw, 1500px\" \/><\/a><a href=\"https:\/\/hydro-partner.pl\/wp-content\/uploads\/2020\/06\/20181220_095121x-1024x768.jpg\"  rel=\"prettyPhoto[rel-pjf5qehhu03fuakr0v7m]\" ><img loading=\"lazy\" decoding=\"async\" width=\"1500\" height=\"1125\" src=\"https:\/\/hydro-partner.pl\/wp-content\/uploads\/2020\/06\/20181220_095121x.jpg\" class=\"attachment-full\" alt=\"\" srcset=\"https:\/\/hydro-partner.pl\/wp-content\/uploads\/2020\/06\/20181220_095121x.jpg 1500w, https:\/\/hydro-partner.pl\/wp-content\/uploads\/2020\/06\/20181220_095121x-300x225.jpg 300w, https:\/\/hydro-partner.pl\/wp-content\/uploads\/2020\/06\/20181220_095121x-1024x768.jpg 1024w, https:\/\/hydro-partner.pl\/wp-content\/uploads\/2020\/06\/20181220_095121x-768x576.jpg 768w\" sizes=\"(max-width: 1500px) 100vw, 1500px\" \/><\/a><a href=\"https:\/\/hydro-partner.pl\/wp-content\/uploads\/2020\/06\/Zbiornik-Polanowice-gm.-S\u0142omniki-scaled-1024x576.jpg\"  rel=\"prettyPhoto[rel-pjf5qehhu03fuakr0v7m]\" ><img loading=\"lazy\" decoding=\"async\" width=\"2560\" height=\"1440\" src=\"https:\/\/hydro-partner.pl\/wp-content\/uploads\/2020\/06\/Zbiornik-Polanowice-gm.-S\u0142omniki-scaled.jpg\" class=\"attachment-full\" alt=\"\" srcset=\"https:\/\/hydro-partner.pl\/wp-content\/uploads\/2020\/06\/Zbiornik-Polanowice-gm.-S\u0142omniki-scaled.jpg 2560w, https:\/\/hydro-partner.pl\/wp-content\/uploads\/2020\/06\/Zbiornik-Polanowice-gm.-S\u0142omniki-scaled-300x169.jpg 300w, https:\/\/hydro-partner.pl\/wp-content\/uploads\/2020\/06\/Zbiornik-Polanowice-gm.-S\u0142omniki-scaled-1024x576.jpg 1024w, https:\/\/hydro-partner.pl\/wp-content\/uploads\/2020\/06\/Zbiornik-Polanowice-gm.-S\u0142omniki-768x432.jpg 768w, https:\/\/hydro-partner.pl\/wp-content\/uploads\/2020\/06\/Zbiornik-Polanowice-gm.-S\u0142omniki-scaled-1536x864.jpg 1536w, https:\/\/hydro-partner.pl\/wp-content\/uploads\/2020\/06\/Zbiornik-Polanowice-gm.-S\u0142omniki-scaled-2048x1152.jpg 2048w\" sizes=\"(max-width: 2560px) 100vw, 2560px\" \/><\/a><\/div>[\/vc_column][\/vc_row][vc_row type=&#8221;full-width-section&#8221; css=&#8221;.vc_custom_1587060542138{margin-bottom: 0px !important;padding-top: 64px !important;padding-bottom: 0px !important;}&#8221;][vc_column][vc_custom_heading text=&#8221;AUTOMATYKA&#8221; font_container=&#8221;tag:h2|font_size:18|text_align:center|color:%232c3e50&#8243; google_fonts=&#8221;font_family:Lato%3A100%2C100italic%2C300%2C300italic%2Cregular%2Citalic%2C700%2C700italic%2C900%2C900italic|font_style:900%20bold%20regular%3A900%3Anormal&#8221; css=&#8221;.vc_custom_1587117686404{margin-bottom: 13px !important;}&#8221;][vc_column_text el_class=&#8221;letterspacing-1 width-1000&#8243; css=&#8221;.vc_custom_1587117704714{margin-bottom: 24px !important;}&#8221; css_animation=&#8221;bottom-to-top&#8221;]<\/p>\n<p style=\"text-align: center;\"><strong><span style=\"color: #808080;\">HYDRO-PARTNER jest liderem na polskim rynku w dziedzinie automatyki dla bran\u017cy wod.-kan.<br \/>\nDostarczamy rozdzielnice sterowania dla pompowni: wody, \u015bciek\u00f3w, melioracyjnych; Stacji Uzdatniania Wody, Oczyszczalni \u015aciek\u00f3w, jak r\u00f3wnie\u017c aplikacji przemys\u0142owych.<br \/>\nDostarczane rozdzielnice najcz\u0119\u015bciej s\u0105 w\u0142\u0105czone w systemy monitoringu, wizualizacji, wraz ze zdalnym sterowaniem.<br \/>\nObiekty wyposa\u017camy r\u00f3wnie\u017c w system monitoringu wizyjnego \u2013 CCTV.<\/span><\/strong><\/p>\n<p>[\/vc_column_text][vc_column_text el_class=&#8221;letterspacing-1 width-1000&#8243; css=&#8221;.vc_custom_1587117739418{margin-bottom: 24px !important;}&#8221; css_animation=&#8221;bottom-to-top&#8221;]<\/p>\n<p style=\"text-align: center;\"><strong><span style=\"color: #808080;\">Oferujemy produkty i rozwi\u0105zania pewne i sprawdzone w eksploatacji.<br \/>\nJednocze\u015bnie wprowadzamy na rynek nowo\u015bci, kt\u00f3re wcze\u015bniej testujemy.<br \/>\nDobieramy starannie nasze rozwi\u0105zania w zale\u017cno\u015bci od potrzeb i wymaga\u0144 naszych kontrahent\u00f3w, dbaj\u0105c aby zapewni\u0142y im najwy\u017csz\u0105 jako\u015b\u0107 i komfort w eksploatacji.<br \/>\nWykwalifikowana kadra kilkudziesi\u0119ciu automatyk\u00f3w i programist\u00f3w, dba o najwy\u017csz\u0105 jako\u015b\u0107 obs\u0142ugi ka\u017cdego klienta indywidualnie.<br \/>\nPrzy wycenie i realizacji zada\u0144 wybieramy urz\u0105dzenia czo\u0142owych \u015bwiatowych producent\u00f3w sprz\u0119tu stosowanego w automatyce.<\/span><\/strong><\/p>\n<p>[\/vc_column_text]<style type=\"text\/css\" >#l_amhqzo9mpctr3ef9aj4r.sc_vline {background:#a1b1bc; min-height:53px; width:2px;}#l_amhqzo9mpctr3ef9aj4r{margin:7px auto 0px auto; padding:0;}<\/style><div class=\"clearfix\"><\/div><div id=\"l_amhqzo9mpctr3ef9aj4r\"  class=\"sc_vline\" ><\/div>[vc_empty_space][\/vc_column][\/vc_row][vc_row content_placement=&#8221;middle&#8221;][vc_column width=&#8221;1\/4&#8243;]<style type='text\/css'> @font-face{font-family: 'elg'; src:url('https:\/\/hydro-partner.pl\/wp-content\/themes\/thefox_full_package\/thefox\/includes\/4k-icons\/icons\/4k-icons-pack02\/icons\/fonts\/elg.eot'); src:url('https:\/\/hydro-partner.pl\/wp-content\/themes\/thefox_full_package\/thefox\/includes\/4k-icons\/icons\/4k-icons-pack02\/icons\/fonts\/elg.eot?#iefix') format('embedded-opentype'), url('https:\/\/hydro-partner.pl\/wp-content\/themes\/thefox_full_package\/thefox\/includes\/4k-icons\/icons\/4k-icons-pack02\/icons\/fonts\/elg.woff') format('woff'), url('https:\/\/hydro-partner.pl\/wp-content\/themes\/thefox_full_package\/thefox\/includes\/4k-icons\/icons\/4k-icons-pack02\/icons\/fonts\/elg.ttf') format('truetype'), url('https:\/\/hydro-partner.pl\/wp-content\/themes\/thefox_full_package\/thefox\/includes\/4k-icons\/icons\/4k-icons-pack02\/icons\/fonts\/elg.svg#oi') format('svg'); font-weight: normal; font-style: normal;}#rand_eaa47bxdl8wi63qqcx6s .elg-icon_lightbulb_alt:before{font-family: 'elg'; font-weight: normal; font-style: normal;}#rand_eaa47bxdl8wi63qqcx6s .elg-icon_lightbulb_alt:before{content: \"\\e007\";}<\/style>\n<style type=\"text\/css\" >#rand_eaa47bxdl8wi63qqcx6s:hover {background:#2c3e50 !important; border:1px solid #ecf0f1 !important; color:#ffffff!important;}#rand_eaa47bxdl8wi63qqcx6s:hover .icon_circle i{color:#ffffff !important;}#rand_eaa47bxdl8wi63qqcx6s:hover h3{color:#ffffff !important;}#rand_eaa47bxdl8wi63qqcx6s:hover .box_btn{ color:#fff!important;   }#rand_eaa47bxdl8wi63qqcx6s:hover p{ color:#ffffff;}<\/style> <a href=\"https:\/\/hydro-partner.pl\/automatyka-2\/szafy-sterownicze\/\" target=\"_self\" ><div id=\"rand_eaa47bxdl8wi63qqcx6s\" class=\"icon_box2_trending \" style=\"padding: 43px 30px 27px 30px; background:rgba(0,0,0,0); border:1px solid #e9eff1;\"><div class=\"icon_circle\"><i class=\"elg-icon_lightbulb_alt\" style=\"color:#2c3e50;\"><\/i><\/div><h3 style=\"color:;\">Szafy sterownicze<\/h3><p style=\"color:;\" ><\/p><a class=\"box_btn\" style=\"color:#1c83d8; \" href=\"https:\/\/hydro-partner.pl\/automatyka-2\/szafy-sterownicze\/\" target=\"_self\">Dowiedz si\u0119 wi\u0119cej<\/a><\/div><\/a>[vc_empty_space height=&#8221;40px&#8221;][\/vc_column][vc_column width=&#8221;1\/4&#8243;]<style type='text\/css'> @font-face{font-family: 'elg'; src:url('https:\/\/hydro-partner.pl\/wp-content\/themes\/thefox_full_package\/thefox\/includes\/4k-icons\/icons\/4k-icons-pack02\/icons\/fonts\/elg.eot'); src:url('https:\/\/hydro-partner.pl\/wp-content\/themes\/thefox_full_package\/thefox\/includes\/4k-icons\/icons\/4k-icons-pack02\/icons\/fonts\/elg.eot?#iefix') format('embedded-opentype'), url('https:\/\/hydro-partner.pl\/wp-content\/themes\/thefox_full_package\/thefox\/includes\/4k-icons\/icons\/4k-icons-pack02\/icons\/fonts\/elg.woff') format('woff'), url('https:\/\/hydro-partner.pl\/wp-content\/themes\/thefox_full_package\/thefox\/includes\/4k-icons\/icons\/4k-icons-pack02\/icons\/fonts\/elg.ttf') format('truetype'), url('https:\/\/hydro-partner.pl\/wp-content\/themes\/thefox_full_package\/thefox\/includes\/4k-icons\/icons\/4k-icons-pack02\/icons\/fonts\/elg.svg#oi') format('svg'); font-weight: normal; font-style: normal;}#rand_45t7imuhgbpx88ybkgrt .elg-icon_lightbulb_alt:before{font-family: 'elg'; font-weight: normal; font-style: normal;}#rand_45t7imuhgbpx88ybkgrt .elg-icon_lightbulb_alt:before{content: \"\\e007\";}<\/style>\n<style type=\"text\/css\" >#rand_45t7imuhgbpx88ybkgrt:hover {background:#2c3e50 !important; border:1px solid #ecf0f1 !important; color:#ffffff!important;}#rand_45t7imuhgbpx88ybkgrt:hover .icon_circle i{color:#ffffff !important;}#rand_45t7imuhgbpx88ybkgrt:hover h3{color:#ffffff !important;}#rand_45t7imuhgbpx88ybkgrt:hover .box_btn{ color:#fff!important;   }#rand_45t7imuhgbpx88ybkgrt:hover p{ color:#ffffff;}<\/style> <a href=\"https:\/\/hydro-partner.pl\/automatyka-2\/cctv\/\" target=\"_self\" ><div id=\"rand_45t7imuhgbpx88ybkgrt\" class=\"icon_box2_trending \" style=\"padding: 43px 30px 27px 30px; background:rgba(0,0,0,0); border:1px solid #e9eff1;\"><div class=\"icon_circle\"><i class=\"elg-icon_lightbulb_alt\" style=\"color:#2c3e50;\"><\/i><\/div><h3 style=\"color:;\">CCTV<\/h3><p style=\"color:;\" ><\/p><a class=\"box_btn\" style=\"color:#1c83d8; \" href=\"https:\/\/hydro-partner.pl\/automatyka-2\/cctv\/\" target=\"_self\">Dowiedz si\u0119 wi\u0119cej<\/a><\/div><\/a>[vc_empty_space height=&#8221;40px&#8221;][\/vc_column][vc_column width=&#8221;1\/4&#8243;]<style type='text\/css'> @font-face{font-family: 'elg'; src:url('https:\/\/hydro-partner.pl\/wp-content\/themes\/thefox_full_package\/thefox\/includes\/4k-icons\/icons\/4k-icons-pack02\/icons\/fonts\/elg.eot'); src:url('https:\/\/hydro-partner.pl\/wp-content\/themes\/thefox_full_package\/thefox\/includes\/4k-icons\/icons\/4k-icons-pack02\/icons\/fonts\/elg.eot?#iefix') format('embedded-opentype'), url('https:\/\/hydro-partner.pl\/wp-content\/themes\/thefox_full_package\/thefox\/includes\/4k-icons\/icons\/4k-icons-pack02\/icons\/fonts\/elg.woff') format('woff'), url('https:\/\/hydro-partner.pl\/wp-content\/themes\/thefox_full_package\/thefox\/includes\/4k-icons\/icons\/4k-icons-pack02\/icons\/fonts\/elg.ttf') format('truetype'), url('https:\/\/hydro-partner.pl\/wp-content\/themes\/thefox_full_package\/thefox\/includes\/4k-icons\/icons\/4k-icons-pack02\/icons\/fonts\/elg.svg#oi') format('svg'); font-weight: normal; font-style: normal;}#rand_2k8buult4r3a760rkcua .elg-icon_lightbulb_alt:before{font-family: 'elg'; font-weight: normal; font-style: normal;}#rand_2k8buult4r3a760rkcua .elg-icon_lightbulb_alt:before{content: \"\\e007\";}<\/style>\n<style type=\"text\/css\" >#rand_2k8buult4r3a760rkcua:hover {background:#2c3e50 !important; border:1px solid #ecf0f1 !important; color:#ffffff!important;}#rand_2k8buult4r3a760rkcua:hover .icon_circle i{color:#ffffff !important;}#rand_2k8buult4r3a760rkcua:hover h3{color:#ffffff !important;}#rand_2k8buult4r3a760rkcua:hover .box_btn{ color:#fff!important;   }#rand_2k8buult4r3a760rkcua:hover p{ color:#ffffff;}<\/style> <a href=\"https:\/\/hydro-partner.pl\/automatyka-2\/monitoring\/\" target=\"_self\" ><div id=\"rand_2k8buult4r3a760rkcua\" class=\"icon_box2_trending \" style=\"padding: 43px 30px 27px 30px; background:rgba(0,0,0,0); border:1px solid #e9eff1;\"><div class=\"icon_circle\"><i class=\"elg-icon_lightbulb_alt\" style=\"color:#2c3e50;\"><\/i><\/div><h3 style=\"color:;\">Monitoring<\/h3><p style=\"color:;\" ><\/p><a class=\"box_btn\" style=\"color:#1c83d8; \" href=\"https:\/\/hydro-partner.pl\/automatyka-2\/monitoring\/\" target=\"_self\">Dowiedz si\u0119 wi\u0119cej<\/a><\/div><\/a>[vc_empty_space height=&#8221;40px&#8221;][\/vc_column][vc_column width=&#8221;1\/4&#8243;]<style type='text\/css'> @font-face{font-family: 'elg'; src:url('https:\/\/hydro-partner.pl\/wp-content\/themes\/thefox_full_package\/thefox\/includes\/4k-icons\/icons\/4k-icons-pack02\/icons\/fonts\/elg.eot'); src:url('https:\/\/hydro-partner.pl\/wp-content\/themes\/thefox_full_package\/thefox\/includes\/4k-icons\/icons\/4k-icons-pack02\/icons\/fonts\/elg.eot?#iefix') format('embedded-opentype'), url('https:\/\/hydro-partner.pl\/wp-content\/themes\/thefox_full_package\/thefox\/includes\/4k-icons\/icons\/4k-icons-pack02\/icons\/fonts\/elg.woff') format('woff'), url('https:\/\/hydro-partner.pl\/wp-content\/themes\/thefox_full_package\/thefox\/includes\/4k-icons\/icons\/4k-icons-pack02\/icons\/fonts\/elg.ttf') format('truetype'), url('https:\/\/hydro-partner.pl\/wp-content\/themes\/thefox_full_package\/thefox\/includes\/4k-icons\/icons\/4k-icons-pack02\/icons\/fonts\/elg.svg#oi') format('svg'); font-weight: normal; font-style: normal;}#rand_frvnz6ttsz43lnfqa5yc .elg-icon_lightbulb_alt:before{font-family: 'elg'; font-weight: normal; font-style: normal;}#rand_frvnz6ttsz43lnfqa5yc .elg-icon_lightbulb_alt:before{content: \"\\e007\";}<\/style>\n<style type=\"text\/css\" >#rand_frvnz6ttsz43lnfqa5yc:hover {background:#2c3e50 !important; border:1px solid #ecf0f1 !important; color:#ffffff!important;}#rand_frvnz6ttsz43lnfqa5yc:hover .icon_circle i{color:#ffffff !important;}#rand_frvnz6ttsz43lnfqa5yc:hover h3{color:#ffffff !important;}#rand_frvnz6ttsz43lnfqa5yc:hover .box_btn{ color:#fff!important;   }#rand_frvnz6ttsz43lnfqa5yc:hover p{ color:#ffffff;}<\/style> <a href=\"https:\/\/hydro-partner.pl\/automatyka-2\/fotowoltaika\/\" target=\"_self\" ><div id=\"rand_frvnz6ttsz43lnfqa5yc\" class=\"icon_box2_trending \" style=\"padding: 43px 30px 27px 30px; background:rgba(0,0,0,0); border:1px solid #e9eff1;\"><div class=\"icon_circle\"><i class=\"elg-icon_lightbulb_alt\" style=\"color:#2c3e50;\"><\/i><\/div><h3 style=\"color:;\">Fotowoltaika<\/h3><p style=\"color:;\" ><\/p><a class=\"box_btn\" style=\"color:#1c83d8; \" href=\"https:\/\/hydro-partner.pl\/automatyka-2\/fotowoltaika\/\" target=\"_self\">Dowiedz si\u0119 wi\u0119cej<\/a><\/div><\/a>[vc_empty_space height=&#8221;40px&#8221;][\/vc_column][\/vc_row][vc_row][vc_column]<style type=\"text\/css\" >#l_xur1moamkweejb8rkxdm.sc_vline {background:#a1b1bc; min-height:53px; width:2px;}#l_xur1moamkweejb8rkxdm{margin:7px auto 0px auto; padding:0;}<\/style><div class=\"clearfix\"><\/div><div id=\"l_xur1moamkweejb8rkxdm\"  class=\"sc_vline\" ><\/div>[vc_empty_space][\/vc_column][\/vc_row][vc_row type=&#8221;full-width-section&#8221; i_select=&#8221;1&#8243; icon=&#8221;ion-ios7-paperplane-outline&#8221; i_color=&#8221;#1c83d8&#8243; css=&#8221;.vc_custom_1587126012191{margin-bottom: 0px !important;border-top-width: 1px !important;border-bottom-width: 1px !important;padding-top: 100px !important;padding-bottom: 89px !important;background-color: #2b3547 !important;border-top-color: #ebebeb !important;border-top-style: solid !important;border-bottom-color: #ebebeb !important;border-bottom-style: solid !important;}&#8221;][vc_column width=&#8221;1\/2&#8243;][vc_single_image image=&#8221;7816&#8243; img_size=&#8221;full&#8221; css_animation=&#8221;left-to-right&#8221; css=&#8221;.vc_custom_1587119359237{margin-bottom: 0px !important;}&#8221;][\/vc_column][vc_column width=&#8221;1\/2&#8243; css=&#8221;.vc_custom_1418548209527{padding-top: 60px;}&#8221;]<div class=\"rd_count_to count_style_9  \"  id=\"rand_t5r9dvizx0a9atmk0c57\" ><div class=\"count_number\" data-from=\"0\" data-to=\"15\" data-speed=\"1000\" data-refresh-interval=\"25\" data-decimals=\"3\" style=\"color:#ffffff\">0<\/div><span class=\"count_title\" style=\"color:#ffffff\">WIZUALIZOWANYCH OBIEKT\u00d3W<\/span><\/div>[vc_empty_space height=&#8221;30px&#8221;]<div class=\"rd_count_to count_style_9  \"  id=\"rand_a02oz4vsar92caowe223\" ><div class=\"count_number\" data-from=\"0\" data-to=\"23\" data-speed=\"1000\" data-refresh-interval=\"25\" data-decimals=\"3\" style=\"color:#ffffff\">0<\/div><span class=\"count_title\" style=\"color:#ffffff\">WYPRODUKOWANYCH STEROWNIC<\/span><\/div>[vc_empty_space height=&#8221;30px&#8221;]<div class=\"rd_count_to count_style_9  \"  id=\"rand_j452utjdgtzfwui1nxh5\" ><div class=\"count_number\" data-from=\"0\" data-to=\"840\" data-speed=\"1000\" data-refresh-interval=\"25\" data-decimals=\"3\" style=\"color:#ffffff\">0<\/div><span class=\"count_title\" style=\"color:#ffffff\">MONITOROWANYCH SYGNA\u0141\u00d3W<\/span><\/div>[\/vc_column][\/vc_row][vc_row a_select=&#8221;1&#8243; css=&#8221;.vc_custom_1419668006323{margin-bottom: 0px;padding-top: 29px;padding-bottom: 35px;}&#8221;][vc_column][vc_custom_heading text=&#8221;Czekamy na Ciebie i Twoje potrzeby. Nie wahaj si\u0119 do nas napisa\u0107.&#8221; font_container=&#8221;tag:h2|font_size:24|text_align:center|color:%23a1b1bc&#8221; google_fonts=&#8221;font_family:Lato%3A100%2C100italic%2C300%2C300italic%2Cregular%2Citalic%2C700%2C700italic%2C900%2C900italic|font_style:300%20light%20regular%3A300%3Anormal&#8221; css=&#8221;.vc_custom_1587061838409{margin-bottom: 0px !important;}&#8221;][\/vc_column][\/vc_row]<\/p>\n","protected":false},"excerpt":{"rendered":"<p>[vc_row][vc_column][vc_custom_heading text=&#8221;AUTOMATYKA&#8221; font_container=&#8221;tag:h2|font_size:30|text_align:center|color:%235b5b5b|line_height:3&#8243; google_fonts=&#8221;font_family:Lato%3A100%2C100italic%2C300%2C300italic%2Cregular%2Citalic%2C700%2C700italic%2C900%2C900italic|font_style:900%20bold%20regular%3A900%3Anormal&#8221; el_class=&#8221;letterspacing-3&#8243;][\/vc_column][\/vc_row][vc_row][vc_column][\/vc_column][\/vc_row][vc_row type=&#8221;full-width-section&#8221; css=&#8221;.vc_custom_1587060542138{margin-bottom: 0px !important;padding-top: 64px !important;padding-bottom: 0px !important;}&#8221;][vc_column][vc_custom_heading text=&#8221;AUTOMATYKA&#8221; font_container=&#8221;tag:h2|font_size:18|text_align:center|color:%232c3e50&#8243; google_fonts=&#8221;font_family:Lato%3A100%2C100italic%2C300%2C300italic%2Cregular%2Citalic%2C700%2C700italic%2C900%2C900italic|font_style:900%20bold%20regular%3A900%3Anormal&#8221; css=&#8221;.vc_custom_1587117686404{margin-bottom: 13px !important;}&#8221;][vc_column_text el_class=&#8221;letterspacing-1 width-1000&#8243; css=&#8221;.vc_custom_1587117704714{margin-bottom: 24px !important;}&#8221; css_animation=&#8221;bottom-to-top&#8221;] HYDRO-PARTNER jest liderem na polskim rynku w dziedzinie automatyki dla bran\u017cy wod.-kan. Dostarczamy rozdzielnice sterowania dla pompowni: wody, \u015bciek\u00f3w, melioracyjnych; Stacji Uzdatniania Wody, Oczyszczalni \u015aciek\u00f3w, jak r\u00f3wnie\u017c aplikacji przemys\u0142owych. Dostarczane<br \/><a href=\"https:\/\/hydro-partner.pl\/automatyka-2\/\" class=\"more\">Read more<\/a><\/p>\n","protected":false},"author":1,"featured_media":0,"parent":0,"menu_order":0,"comment_status":"closed","ping_status":"closed","template":"","meta":{"_uf_show_specific_survey":0,"_uf_disable_surveys":false,"footnotes":""},"_links":{"self":[{"href":"https:\/\/hydro-partner.pl\/wp-json\/wp\/v2\/pages\/7796"}],"collection":[{"href":"https:\/\/hydro-partner.pl\/wp-json\/wp\/v2\/pages"}],"about":[{"href":"https:\/\/hydro-partner.pl\/wp-json\/wp\/v2\/types\/page"}],"author":[{"embeddable":true,"href":"https:\/\/hydro-partner.pl\/wp-json\/wp\/v2\/users\/1"}],"replies":[{"embeddable":true,"href":"https:\/\/hydro-partner.pl\/wp-json\/wp\/v2\/comments?post=7796"}],"version-history":[{"count":50,"href":"https:\/\/hydro-partner.pl\/wp-json\/wp\/v2\/pages\/7796\/revisions"}],"predecessor-version":[{"id":8360,"href":"https:\/\/hydro-partner.pl\/wp-json\/wp\/v2\/pages\/7796\/revisions\/8360"}],"wp:attachment":[{"href":"https:\/\/hydro-partner.pl\/wp-json\/wp\/v2\/media?parent=7796"}],"curies":[{"name":"wp","href":"https:\/\/api.w.org\/{rel}","templated":true}]}}