{"id":7645,"date":"2020-04-16T15:56:00","date_gmt":"2020-04-16T13:56:00","guid":{"rendered":"http:\/\/hydro-partner.pl\/?page_id=7645"},"modified":"2020-04-16T21:02:10","modified_gmt":"2020-04-16T19:02:10","slug":"rodo-2","status":"publish","type":"page","link":"https:\/\/hydro-partner.pl\/rodo-2\/","title":{"rendered":"RODO"},"content":{"rendered":"<p>[vc_row overlay=&#8221;rd_hover_goliath&#8221; overlay_color=&#8221;&#8221; port_type=&#8221;port_type_5&#8243; port_bg_color=&#8221;&#8221; port_title_color=&#8221;&#8221; port_text_color=&#8221;&#8221; port_button_color=&#8221;&#8221; port_border_color=&#8221;&#8221; port_hover_bg_color=&#8221;&#8221; port_hover_title_color=&#8221;&#8221; port_hover_text_color=&#8221;&#8221; port_hover_button_color=&#8221;&#8221; port_hover_border_color=&#8221;&#8221; desc_title=&#8221;&#8221; desc_cat=&#8221;&#8221; overlay_color_2=&#8221;&#8221; desc_border=&#8221;&#8221; port_thumbnail=&#8221;thumbnail_type_2&#8243; port_layout=&#8221;3 columns&#8221; category=&#8221;pompy&#8221; tags=&#8221;all&#8221; port_order=&#8221;DESC&#8221; port_orderby=&#8221;date&#8221; target=&#8221;_self&#8221; port_start=&#8221;8&#8243; filter=&#8221;yes&#8221; filter_type=&#8221;filter_type_1&#8243; filter_text_color=&#8221;&#8221; filter_background_color=&#8221;&#8221; filter_border_color=&#8221;&#8221; selected_filter_bg_color=&#8221;&#8221; port_navigation=&#8221;&#8221; nav_bg=&#8221;&#8221; nav_color=&#8221;&#8221; nav_border=&#8221;&#8221; nav_hover_color=&#8221;&#8221; nav_hover_bg=&#8221;&#8221; port_click=&#8221;4&#8243; button_bg=&#8221;&#8221; button_title=&#8221;&#8221; button_border=&#8221;&#8221; button_hover_title=&#8221;&#8221; button_hover_bg=&#8221;&#8221;][vc_column][vc_custom_heading text=&#8221;FORMULARZ RODO&#8221; font_container=&#8221;tag:h2|font_size:30|text_align:center|color:%235b5b5b|line_height:3&#8243; google_fonts=&#8221;font_family:Lato%3A100%2C100italic%2C300%2C300italic%2Cregular%2Citalic%2C700%2C700italic%2C900%2C900italic|font_style:900%20bold%20regular%3A900%3Anormal&#8221; css=&#8221;.vc_custom_1587063403853{margin-bottom: 50px !important;}&#8221; el_class=&#8221;letterspacing-3&#8243;][\/vc_column][\/vc_row][vc_row][vc_column]<style type=\"text\/css\" >#rd_s3yw8opqwom5wj57w4iq .wpcf7,#rd_s3yw8opqwom5wj57w4iq input:not([type=submit]):not([type=checkbox]),#rd_s3yw8opqwom5wj57w4iq textarea,#rd_s3yw8opqwom5wj57w4iq .wpcf7 select,#rd_s3yw8opqwom5wj57w4iq .wpcf7 input[type=\"checkbox\"]:checked{color:#5b5b5b;}#rd_s3yw8opqwom5wj57w4iq .wpcf7 input[type=\"checkbox\"]{background:rgba(0,0,0,0); color:rgba(0,0,0,0);}#rd_s3yw8opqwom5wj57w4iq .wpcf7 input[type=submit]{font-size:15px; font-weight:900; border-radius:2px; padding:11px 15px; letter-spacing: 0.5px; margin-top:3px;}#rd_s3yw8opqwom5wj57w4iq .wpcf7 input[type=submit]:hover {background:#1c83d8; color:#ffffff !important;}#rd_s3yw8opqwom5wj57w4iq .wpcf7 textarea{height:400px;}#rd_s3yw8opqwom5wj57w4iq .wpcf7 input:not([type=submit]):not([type=checkbox]),#rd_s3yw8opqwom5wj57w4iq textarea,#rd_s3yw8opqwom5wj57w4iq .wpcf7 select{border-radius:0px;}#rd_s3yw8opqwom5wj57w4iq .wpcf7 input:not([type=submit]),#rd_s3yw8opqwom5wj57w4iq textarea,#rd_s3yw8opqwom5wj57w4iq .wpcf7 input[type=submit],#rd_s3yw8opqwom5wj57w4iq .wpcf7 select{margin-top:3px;}#rd_s3yw8opqwom5wj57w4iq p{margin-bottom:23px;}#rd_s3yw8opqwom5wj57w4iq .wpcf7 input:not([type=submit]):not([type=checkbox]),#rd_s3yw8opqwom5wj57w4iq .wpcf7  textarea,#rd_s3yw8opqwom5wj57w4iq .wpcf7 select{border:1px solid #c9c9c9; background:#ffffff;}#rd_s3yw8opqwom5wj57w4iq .wpcf7 input[type=submit]{background:; color: !important;}<\/style><div id=\"rd_s3yw8opqwom5wj57w4iq\" class=\"\">\n<div class=\"wpcf7 no-js\" id=\"wpcf7-f7655-o1\" lang=\"pl-PL\" dir=\"ltr\">\n<div class=\"screen-reader-response\"><p role=\"status\" aria-live=\"polite\" aria-atomic=\"true\"><\/p> <ul><\/ul><\/div>\n<form action=\"\/wp-json\/wp\/v2\/pages\/7645#wpcf7-f7655-o1\" method=\"post\" class=\"wpcf7-form init\" aria-label=\"Formularz kontaktowy\" novalidate=\"novalidate\" data-status=\"init\">\n<div style=\"display: none;\">\n<input type=\"hidden\" name=\"_wpcf7\" value=\"7655\" \/>\n<input type=\"hidden\" name=\"_wpcf7_version\" value=\"5.9.5\" \/>\n<input type=\"hidden\" name=\"_wpcf7_locale\" value=\"pl_PL\" \/>\n<input type=\"hidden\" name=\"_wpcf7_unit_tag\" value=\"wpcf7-f7655-o1\" \/>\n<input type=\"hidden\" name=\"_wpcf7_container_post\" value=\"0\" \/>\n<input type=\"hidden\" name=\"_wpcf7_posted_data_hash\" value=\"\" \/>\n<\/div>\n<p><label> Na podstawie przepisu art. 13 rozporz\u0105dzenia Parlamentu Europejskiego i Rady (UE) 2016\/679 z dnia 27 kwietnia 2016 r. w sprawie ochrony os\u00f3b fizycznych w zwi\u0105zku z przetwarzaniem danych osobowych i w sprawie swobodnego przep\u0142ywu takich danych oraz uchylenia dyrektywy 95\/46\/WE (og\u00f3lnego rozporz\u0105dzenia o ochronie danych) \u2013 dalej: RODO, HYDRO-PARTNER Sp. z o.o. prosi o wype\u0142nienie formularza dost\u0119pnego w linku poni\u017cej oraz wyra\u017cenie odpowiednich zg\u00f3d, kt\u00f3re umo\u017cliwi\u0105 nam kontakt z Pa\u0144stwem. <\/label>\n<\/p>\n<p><label> O\u015bwiadczam, \u017ce wyra\u017cam zgod\u0119 na przetwarzanie moich danych osobowych, podanych w niniejszym dokumencie, przez HYDRO-PARTNER Sp. z o.o. oraz \u201eHYDRO EUGENIUSZ & ARKADIUSZ DOBRO\u0143\u201d Sp. z o. o. z siedzib\u0105 w Lesznie i WEGA Arkadiusz Dobro\u0144 Sp. J. z siedzib\u0105 w Lesznie dla cel\u00f3w handlowych i marketingu bezpo\u015bredniego, w tym przesy\u0142ania informacji handlowej w rozumieniu przepisu art. 10 ustawy z dnia 18 lipca 2002 r. o \u015bwiadczeniu us\u0142ug drog\u0105 elektroniczn\u0105 (t. j. Dz.U. z 2016 r. poz. 1030), oraz u\u017cywania dla tych cel\u00f3w telekomunikacyjnych urz\u0105dze\u0144 ko\u0144cowych i automatycznych system\u00f3w wywo\u0142uj\u0105cych w rozumieniu przepisu art. 172 ustawy z dnia 16 lipca 2004 r. Prawo telekomunikacyjne, (t. j. Dz.U. z 2016 r. poz. 1489). Zosta\u0142em tak\u017ce poinformowany\/a o prawie do cofni\u0119cia zgody w dowolnym momencie, przy czym wycofanie zgody nie wp\u0142ywa na zgodno\u015b\u0107 z prawem przetwarzania, kt\u00f3rego dokonano na podstawie zgody przed jej wycofaniem. Nadto, zosta\u0142em\/am poinformowany\/a, \u017ce do przetwarzania danych osobowych, kt\u00f3rych dotyczy niniejsze o\u015bwiadczenie, ma zastosowanie informacja okre\u015blona powy\u017cej w pkt. 1 i 2 oraz 5-8, za\u015b podstaw\u0105 prawn\u0105 przetwarzania danych w powy\u017cszym celu jest przepis art. 6 ust. 1 lit. a RODO. <\/label>\n<\/p>\n<p><span class=\"wpcf7-form-control-wrap\" data-name=\"checkbox-680\"><span class=\"wpcf7-form-control wpcf7-checkbox wpcf7-exclusive-checkbox\"><span class=\"wpcf7-list-item first\"><input type=\"checkbox\" name=\"checkbox-680\" value=\"TAK, wyra\u017cam zgod\u0119.\" \/><span class=\"wpcf7-list-item-label\">TAK, wyra\u017cam zgod\u0119.<\/span><\/span><span class=\"wpcf7-list-item last\"><input type=\"checkbox\" name=\"checkbox-680\" value=\"NIE, nie wyra\u017cam zgody.\" \/><span class=\"wpcf7-list-item-label\">NIE, nie wyra\u017cam zgody.<\/span><\/span><\/span><\/span>\n<\/p>\n<p><label> Imi\u0119 i nazwisko <\/label><br \/>\n<span class=\"wpcf7-form-control-wrap\" data-name=\"your-name\"><input size=\"40\" class=\"wpcf7-form-control wpcf7-text wpcf7-validates-as-required\" aria-required=\"true\" aria-invalid=\"false\" value=\"\" type=\"text\" name=\"your-name\" \/><\/span>\n<\/p>\n<p><label> Pe\u0142na nazwa firmy, kt\u00f3rej jest Pani\/Pan przedstawicielem <\/label><br \/>\n<span class=\"wpcf7-form-control-wrap\" data-name=\"your-subject\"><input size=\"40\" class=\"wpcf7-form-control wpcf7-text\" aria-invalid=\"false\" value=\"\" type=\"text\" name=\"your-subject\" \/><\/span>\n<\/p>\n<p><label> Adres email (wymagane) <\/label><br \/>\n<span class=\"wpcf7-form-control-wrap\" data-name=\"your-email\"><input size=\"40\" class=\"wpcf7-form-control wpcf7-email wpcf7-validates-as-required wpcf7-text wpcf7-validates-as-email\" aria-required=\"true\" aria-invalid=\"false\" value=\"\" type=\"email\" name=\"your-email\" \/><\/span>\n<\/p>\n<p><label> Numer telefonu <\/label><br \/>\n<span class=\"wpcf7-form-control-wrap\" data-name=\"Numertelefonu\"><input size=\"40\" class=\"wpcf7-form-control wpcf7-tel wpcf7-text wpcf7-validates-as-tel\" aria-invalid=\"false\" value=\"\" type=\"tel\" name=\"Numertelefonu\" \/><\/span>\n<\/p>\n<p><input class=\"wpcf7-form-control wpcf7-submit has-spinner\" type=\"submit\" value=\"Wy\u015blij\" \/>\n<\/p>\n<p><label> Jednocze\u015bnie maj\u0105c na wzgl\u0119dzie dba\u0142o\u015b\u0107 o w\u0142a\u015bciwe dysponowanie Pani\/Pana danymi osobowymi uprzejmie informujemy co nast\u0119puje:<br \/>\n1. Administratorem Pani\/Pana danych osobowych jest HYDRO-PARTNER Sp. z o.o. z siedzib\u0105 w Lesznie przy ul. Gronowska 4a (dalej: ADO).<br \/>\n2. Pani\/Pana dane osobowe b\u0119d\u0105 przetwarzane w celu realizacji bie\u017c\u0105cej wsp\u00f3\u0142pracy polegaj\u0105cej na zawieraniu i wykonaniu um\u00f3w pomi\u0119dzy HYDRO-PARTNER Sp. z o.o. i KONTRAHENTEM (dalej: Um\u00f3w), w tym do sporz\u0105dzania ofert, prowadzenia negocjacji i wysy\u0142ania korespondencji z tym zwi\u0105zanej, jak r\u00f3wnie\u017c w celu prowadzenia bazy potencjalnych KONTRAHENT\u00d3W ADO, uwzgl\u0119dniaj\u0105cej Pani\/Pana dane osobowe, jako<br \/>\nprzedstawiciela KONTRAHENTA, i nawi\u0105zywania wsp\u00f3\u0142pracy z tymi KONTRAHENTAMI w przysz\u0142o\u015bci lub zarz\u0105dzania zgodami w zakresie przetwarzanych danych osobowych.<br \/>\n3. Podstaw\u0105 przetwarzania Pani\/Pana danych osobowych jest art. 6 ust. 1 lit. a RODO,<br \/>\n4. Podanie danych osobowych jest dobrowolne, ale brak ich podania mo\u017ce spowodowa\u0107 niemo\u017cno\u015b\u0107 realizacji cel\u00f3w wskazanych w pkt 2 w tym skre\u015blenie KONTRAHENTA z bazy kontrahent\u00f3w.<br \/>\n5. Ma Pani\/Pan prawo do cofni\u0119cia zgody w dowolnym momencie, co pozostanie bez wp\u0142ywu na zgodno\u015b\u0107 z prawem przetwarzania, kt\u00f3rego dokonano na podstawie zgody przed jej cofni\u0119ciem.<br \/>\n6. Przys\u0142uguje Panu\/Pani prawo do \u017c\u0105dania dost\u0119pu do swoich danych osobowych, ich sprostowania oraz usuni\u0119cia, a nadto do \u017c\u0105dania ograniczenia przetwarzania oraz do przenoszenia danych.<br \/>\n7. Ma r\u00f3wnie\u017c Pani\/Pan prawo do wniesienia sprzeciwu wobec przetwarzania Pani\/Pana danych osobowych na potrzeby marketingu bezpo\u015bredniego w zakresie, w jakim przetwarzanie jest zwi\u0105zane z takim marketingiem bezpo\u015brednim.<br \/>\n8. Odbiorcami Pani\/Pan danych osobowych b\u0119d\u0105 podmioty realizuj\u0105ce na nasz\u0105 rzecz us\u0142ugi informatyczne, kurierskie lub pocztowe, mog\u0105 r\u00f3wnie\u017c by\u0107 doradcy prawni i ekonomiczni ADO, a tak\u017ce audytorzy oraz \u201eHYDRO EUGENIUSZ & ARKADIUSZ DOBRO\u0143\u201d Sp. z o. o. z siedzib\u0105 w Lesznie i WEGA Arkadiusz Dobro\u0144 Sp. J. z siedzib\u0105 w Lesznie, jak r\u00f3wnie\u017c inne podmioty w zakresie, w jakim jest to niezb\u0119dne do osi\u0105gni\u0119cia cel\u00f3w okre\u015blonych powy\u017cej w pkt 2.<br \/>\n9. Dane osobowe b\u0119d\u0105 przechowywane do czasu cofni\u0119cia zgody, podj\u0119cia decyzji o wykre\u015bleniu danego KONTRAHENTA z bazy danych lub zaprzestania prowadzenia bazy<br \/>\nkontrahent\u00f3w, nie kr\u00f3cej jednak ni\u017c przez ca\u0142y okres obowi\u0105zywania Um\u00f3w (o kt\u00f3rych mowa w pkt 2), obowi\u0105zywania udzielonej gwarancji jako\u015bci oraz przez okres 10 lat po ich rozwi\u0105zaniu\/wyga\u015bni\u0119ciu.<br \/>\n10. Je\u015bli uzna Pani\/Pan, \u017ce przetwarzanie danych osobowych jest niezgodne z przepisami RODO, mo\u017ce Pani\/Pan wnie\u015b\u0107 skarg\u0119 do Prezesa Urz\u0119du Ochrony Danych Osobowych.<br \/>\n11. W toku przetwarzania Pani\/Pana danych osobowych nie b\u0119dzie dochodzi\u0107 do zautomatyzowanego podejmowania decyzji, w tym profilowania.<br \/>\n12. Pani\/Pana dane osobowe nie b\u0119d\u0105 przekazywane do pa\u0144stw trzecich (czyli poza Europejski Obszar Gospodarczy) ani do organizacji mi\u0119dzynarodowych.<br \/>\n13. Powo\u0142ali\u015bmy Inspektora ochrony danych osobowych, z kt\u00f3rym mo\u017ce Pani\/Pan skontaktowa\u0107 pod adresem e-mail iod@hydro-partner.pl<br \/>\n<\/label>\n<\/p><div class=\"wpcf7-response-output\" aria-hidden=\"true\"><\/div>\n<\/form>\n<\/div>\n<\/div>[vc_empty_space height=&#8221;64px&#8221;][\/vc_column][\/vc_row]<\/p>\n","protected":false},"excerpt":{"rendered":"<p>[vc_row overlay=&#8221;rd_hover_goliath&#8221; overlay_color=&#8221;&#8221; port_type=&#8221;port_type_5&#8243; port_bg_color=&#8221;&#8221; port_title_color=&#8221;&#8221; port_text_color=&#8221;&#8221; port_button_color=&#8221;&#8221; port_border_color=&#8221;&#8221; port_hover_bg_color=&#8221;&#8221; port_hover_title_color=&#8221;&#8221; port_hover_text_color=&#8221;&#8221; port_hover_button_color=&#8221;&#8221; port_hover_border_color=&#8221;&#8221; desc_title=&#8221;&#8221; desc_cat=&#8221;&#8221; overlay_color_2=&#8221;&#8221; desc_border=&#8221;&#8221; port_thumbnail=&#8221;thumbnail_type_2&#8243; port_layout=&#8221;3 columns&#8221; category=&#8221;pompy&#8221; tags=&#8221;all&#8221; port_order=&#8221;DESC&#8221; port_orderby=&#8221;date&#8221; target=&#8221;_self&#8221; port_start=&#8221;8&#8243; filter=&#8221;yes&#8221; filter_type=&#8221;filter_type_1&#8243; filter_text_color=&#8221;&#8221; filter_background_color=&#8221;&#8221; filter_border_color=&#8221;&#8221; selected_filter_bg_color=&#8221;&#8221; port_navigation=&#8221;&#8221; nav_bg=&#8221;&#8221; nav_color=&#8221;&#8221; nav_border=&#8221;&#8221; nav_hover_color=&#8221;&#8221; nav_hover_bg=&#8221;&#8221; port_click=&#8221;4&#8243; button_bg=&#8221;&#8221; button_title=&#8221;&#8221; button_border=&#8221;&#8221; button_hover_title=&#8221;&#8221; button_hover_bg=&#8221;&#8221;][vc_column][vc_custom_heading text=&#8221;FORMULARZ RODO&#8221; font_container=&#8221;tag:h2|font_size:30|text_align:center|color:%235b5b5b|line_height:3&#8243; google_fonts=&#8221;font_family:Lato%3A100%2C100italic%2C300%2C300italic%2Cregular%2Citalic%2C700%2C700italic%2C900%2C900italic|font_style:900%20bold%20regular%3A900%3Anormal&#8221; css=&#8221;.vc_custom_1587063403853{margin-bottom: 50px !important;}&#8221; el_class=&#8221;letterspacing-3&#8243;][\/vc_column][\/vc_row][vc_row][vc_column] Na podstawie<br \/><a href=\"https:\/\/hydro-partner.pl\/rodo-2\/\" class=\"more\">Read more<\/a><\/p>\n","protected":false},"author":1,"featured_media":0,"parent":0,"menu_order":0,"comment_status":"closed","ping_status":"open","template":"","meta":{"_uf_show_specific_survey":0,"_uf_disable_surveys":false,"footnotes":""},"_links":{"self":[{"href":"https:\/\/hydro-partner.pl\/wp-json\/wp\/v2\/pages\/7645"}],"collection":[{"href":"https:\/\/hydro-partner.pl\/wp-json\/wp\/v2\/pages"}],"about":[{"href":"https:\/\/hydro-partner.pl\/wp-json\/wp\/v2\/types\/page"}],"author":[{"embeddable":true,"href":"https:\/\/hydro-partner.pl\/wp-json\/wp\/v2\/users\/1"}],"replies":[{"embeddable":true,"href":"https:\/\/hydro-partner.pl\/wp-json\/wp\/v2\/comments?post=7645"}],"version-history":[{"count":7,"href":"https:\/\/hydro-partner.pl\/wp-json\/wp\/v2\/pages\/7645\/revisions"}],"predecessor-version":[{"id":7764,"href":"https:\/\/hydro-partner.pl\/wp-json\/wp\/v2\/pages\/7645\/revisions\/7764"}],"wp:attachment":[{"href":"https:\/\/hydro-partner.pl\/wp-json\/wp\/v2\/media?parent=7645"}],"curies":[{"name":"wp","href":"https:\/\/api.w.org\/{rel}","templated":true}]}}